the greatest common factor of z and 30.
10
Let m(z) = 29*z**3 - z**2 - 2*z + 2. Let w be m(1). What is the highest common factor of 84 and w?
28
Let t be (-104)/(-16)*(3 + -1). Calculate the highest common divisor of t and 117.
13
Let p be (-3)/((-2 - -1)*-1). Let a be 0 - (-2 + -2) - p. Calculate the greatest common divisor of a and 14.
7
Suppose 257 = l + 194. Let s(f) = 2*f**2 + 3*f - 2. Let j be s(-3). Calculate the highest common divisor of l and j.
7
Suppose -4*d + 0*d - 8 = 0. Let i be (d/(-3))/(5/15). Suppose 3*c - 4*u - 36 = -u, 0 = -2*u - 8. Calculate the greatest common factor of i and c.
2
Suppose -16*p = -13*p. Suppose 6*l = -p*l + 24. Let d = 24 + -4. Calculate the highest common factor of l and d.
4
Let n(r) = 5*r**2 - 1. Let y = -4 + 5. Let j be n(y). Let m be 8 + 7 + j/(-2). Calculate the greatest common divisor of m and 143.
13
Let n(a) = a**3 - 7*a**2 + 5*a + 1. Let g be n(6). Let i be 42/(-7)*g/2. What is the highest common factor of i and 105?
15
Let v be (78/(-15))/((-4)/10). Let j = v + -10. Suppose 4*k - z = -6*z + 552, j*k = -2*z + 407. What is the highest common divisor of k and 19?
19
Suppose -2*k + 2*m + 30 = 0, 2*k - 5*m = -k + 51. Let s be -3*((-1)/3 + -1). What is the greatest common divisor of s and k?
4
Let c be (-28)/8*(-40)/14. What is the highest common divisor of 15 and c?
5
Suppose 5*w = 2*i - 7 - 8, 4*i + 5*w = 105. Calculate the greatest common factor of 140 and i.
20
Suppose 4*v - 30 = 26. Let l be v*(6/4)/3. Suppose s - 14 = l. What is the greatest common factor of s and 21?
21
Let c(x) = x**3 + 3*x + 34. Let g be c(0). Calculate the highest common factor of g and 51.
17
Suppose 0 = -5*w - 0*w + 5. Let d = 3 - w. Calculate the greatest common divisor of 14 and d.
2
Let t(q) = -q**2 + 7*q + 13. Let d be t(8). What is the highest common factor of d and 55?
5
Let j be 58/3 - 12/9. What is the highest common factor of j and 36?
18
Suppose -4 = -c + 1. What is the greatest common divisor of c and 10?
5
Let x be ((-21)/12)/(2/(-8)). Let f(k) = k**3 - 6*k**2 + 4*k + 4. Let j be f(x). Let r = 94 + -85. What is the highest common factor of r and j?
9
Suppose -3*o - 2*g = -g - 11, -5*g = 4*o. Suppose 0 = -4*c + 7*k - 4*k + 9, o*c + 3*k - 45 = 0. Calculate the highest common factor of c and 36.
6
Let j be (63/7)/(6/88). Calculate the greatest common factor of j and 12.
12
Let y be 1 - (8/2 + 2). Let p = y - -1. Let v be (-2)/8 - 25/p. Calculate the greatest common factor of 42 and v.
6
Let k(r) = -r - 12. Let w be k(0). Let n be (-120)/(-36)*w/(-5). Calculate the highest common divisor of 16 and n.
8
Let h = 205 - 126. Let s = h + 11. Calculate the greatest common factor of s and 10.
10
Let i(v) = -8*v - 5. Let x be i(-4). Let p be (1 + -2)/(2/(-30)). Suppose -2*k = -q - 9, 0 = 4*k - 0*q - q - p. What is the greatest common factor of k and x?
3
Let c(r) = r**3 - 11*r**2 - 12*r + 12. Let l be c(12). Suppose -2*w + l = -6*w. Let n = w - -5. What is the highest common factor of n and 14?
2
Let x(b) = -3*b - 4. Let d be x(-8). What is the greatest common divisor of d and 160?
20
Suppose 0 = 5*y - 3*v - 648 - 226, 3*y - 520 = 4*v. Let z be 6/(-9) + (-100)/(-6). What is the highest common factor of y and z?
16
Let x = 182 - 122. Calculate the greatest common divisor of 15 and x.
15
Suppose -h + 0 = -2. Let c(l) = -3 - 1 + 0*l**h + 0 + 2*l**2 + 8*l. Let v be c(-6). Calculate the highest common divisor of v and 50.
10
Suppose 195 = 2*j - h + 6*h, -3*h - 441 = -5*j. Calculate the highest common divisor of j and 18.
18
Let p = 15 - 7. Calculate the greatest common divisor of 16 and p.
8
Let u be -10 + (-2)/1 + 5. Suppose 0 = -5*j - w + 197, 4*j - 89 - 77 = -5*w. Let c = u + j. What is the greatest common factor of c and 80?
16
Let y = 78 + -53. Let l(o) = 3*o + 2 - o + o**2 + 2 - o. Let c be l(-3). Calculate the greatest common factor of c and y.
5
Let d = -21 - -41. What is the highest common divisor of d and 40?
20
Suppose 0 = -6*f + f + 500. Suppose 5*p = -2*l + 4*l + f, 4*p = l + 77. Calculate the highest common factor of p and 45.
9
Let m = -11 + 23. Let u = 6 - 2. Let q be ((-4)/(-3))/(u/54). Calculate the greatest common divisor of q and m.
6
Let o(u) = -4*u - 8. Let t be o(-9). Let v = t - 20. What is the highest common divisor of 88 and v?
8
Let a be 4/6*135/10. Suppose 4*b - 11 = a. What is the greatest common divisor of b and 45?
5
Let g = 4 + 71. Calculate the greatest common factor of 15 and g.
15
Let y(b) = -b + 11. Let f be y(11). Suppose -8*o + 6*o + 16 = f. Calculate the greatest common factor of o and 24.
8
Let u(c) = -11*c - 32. Let f be u(-7). What is the highest common factor of f and 18?
9
Suppose -6*s = -10*s + 112. Suppose 3*r - 55 = -w + 75, 214 = 5*r + w. What is the highest common divisor of s and r?
14
Let o = 68 + -108. Let y be o/(-8) - (0 - -3). Let z(x) = -6*x - 2. Let k be z(-2). What is the greatest common factor of y and k?
2
Let l(t) = 44*t + 1. Let x be l(1). Suppose -3*p = -4*z - 263 - x, -3*p - z + 328 = 0. Let q = -18 + 30. Calculate the greatest common divisor of q and p.
12
Let o be (3/(-5) - -1)/(3/1320). Calculate the greatest common divisor of 16 and o.
16
Let u(w) = w**3 - 18*w**2 - w + 34. Let f be u(18). Calculate the highest common divisor of 32 and f.
16
Suppose 5*t = 2 + 18. Suppose 3*p + 3 - 4 = -5*g, -t = 4*g + 4*p. What is the greatest common divisor of 5 and g?
1
Suppose -3*o - 35 = -2*h - 3*h, 3*o - 28 = -4*h. What is the highest common divisor of h and 1?
1
Suppose -4*a = -9*a - 5. Let x be a/2 - 25/(-10). Calculate the greatest common divisor of x and 14.
2
Suppose -x = 3*f - 2*x - 19, 2*x - 16 = -3*f. Suppose -6*d + 8 + 10 = 0. What is the greatest common divisor of d and f?
3
Suppose -5*g + 818 = 143. What is the greatest common factor of g and 5?
5
Let z be 2/7*-1 - (-572)/91. What is the highest common factor of z and 30?
6
Let i = 132 - 2. Calculate the greatest common factor of i and 52.
26
Let c = 37 - 25. Let z(m) = -m - 1. Let r be z(-3). Suppose -3*l - 5*o = -49, -r*l + 0*l + 3*o + 1 = 0. What is the greatest common divisor of l and c?
4
Suppose 3*a + 3 = 5*d - 10, d + 5*a + 3 = 0. Calculate the highest common factor of 2 and d.
2
Let x(s) = 2*s**3 - 4*s + 3. Let o(c) = 2*c**2 - 4*c - 4 + 3 + 0 + 6*c. Let b be o(1). Let t be x(b). Calculate the greatest common factor of 5 and t.
5
Suppose -5*h - 600 = -5*j, -2*j - 3*j - 2*h + 628 = 0. Let x = j - 72. Let i = x + -8. What is the greatest common divisor of 11 and i?
11
Let s(t) = -129*t**3 - t**2. Suppose 3*w - 3*j = -1 + 4, -4*w = 2*j + 8. Let z be s(w). What is the greatest common divisor of 16 and z?
16
Suppose -22 - 4 = -n. Calculate the greatest common divisor of 208 and n.
26
Let w = -1 - 6. Let d(v) = -v**2 - 8*v - 1. Let o be d(w). Let y = 16 + -4. Calculate the greatest common divisor of o and y.
6
Let z(y) = -7*y - 2. Let b be z(-2). Suppose 2*v = 2*j - 8, -3*v + 6*j - 7 = 4*j. Let f be (v - (-2)/4)*64. Calculate the greatest common divisor of b and f.
12
Suppose -2*i - 2*s = -14, -3*s = -2*s - 1. What is the highest common divisor of i and 54?
6
Let v be (-942)/(-24) + 2/(-8). Calculate the highest common divisor of v and 351.
39
Let y = 30 - 1. Let o = -15 + y. Calculate the highest common divisor of 35 and o.
7
Suppose 5*b - 9 = -4*f, -6*b = -2*b + 2*f - 6. Let z = -1 + b. Suppose -20 = -5*s, 0 = 2*r + 2*s - z*s - 40. What is the greatest common divisor of 144 and r?
16
Let f(w) = -w**2 + 10*w - 7. Let m be f(6). Let z = -14 + 10. Let t be 3282/24 + 3/z. Calculate the greatest common factor of t and m.
17
Let i = 2 - -2. Suppose -m = 5*p - i, -m + 0*m + 12 = p. What is the greatest common divisor of m and 14?
14
Let s be 4/(-2) + -3 + 3. Let r be -1 - 159/(s - 1). Let o = 15 + -2. Calculate the highest common divisor of o and r.
13
Suppose m = 5*m + 288. Let f be 4/6*m/(-4). Calculate the greatest common factor of f and 84.
12
Suppose -9*z + 10*z = 39. Calculate the highest common divisor of 13 and z.
13
Let m = 12 - 1. Let k be (-65)/(-2) - (-2)/4. What is the greatest common divisor of m and k?
11
Suppose 0*c = -7*c + 196. What is the greatest common factor of 7 and c?
7
Suppose -2*r + g + 18 + 16 = 0, 5*g = 4*r - 80. Calculate the highest common divisor of r and 135.
15
Let v(z) = -z**2 